s the highest common factor of 128 and 33792?
128
Calculate the highest common divisor of 303 and 2828.
101
What is the greatest common divisor of 4690 and 140?
70
Calculate the highest common factor of 1169 and 9185.
167
Calculate the greatest common factor of 352 and 22.
22
What is the highest common factor of 34 and 1921?
17
What is the greatest common divisor of 44923 and 167?
167
What is the greatest common divisor of 1645 and 245?
35
What is the greatest common divisor of 75 and 160?
5
What is the greatest common factor of 16 and 272?
16
What is the greatest common divisor of 4394 and 1352?
338
Calculate the greatest common factor of 23 and 276.
23
What is the greatest common factor of 126 and 1736?
14
What is the highest common divisor of 24 and 264?
24
What is the highest common factor of 4 and 256?
4
What is the greatest common factor of 752 and 16?
16
Calculate the highest common divisor of 32 and 486.
2
Calculate the highest common divisor of 1408 and 1280.
128
What is the greatest common divisor of 402 and 2211?
201
What is the highest common divisor of 15 and 735?
15
What is the greatest common divisor of 3765 and 15?
15
What is the greatest common divisor of 72 and 171?
9
Calculate the greatest common divisor of 595 and 765.
85
Calculate the greatest common divisor of 2058 and 210.
42
Calculate the greatest common divisor of 92 and 4.
4
What is the greatest common factor of 136 and 18360?
136
What is the greatest common divisor of 29 and 551?
29
Calculate the highest common divisor of 4 and 524.
4
Calculate the greatest common divisor of 3 and 68.
1
Calculate the greatest common divisor of 384 and 8.
8
Calculate the greatest common divisor of 4 and 18.
2
Calculate the greatest common factor of 102 and 85.
17
What is the highest common factor of 178 and 5963?
89
What is the highest common divisor of 40 and 3270?
10
Calculate the highest common factor of 900 and 4300.
100
What is the greatest common factor of 7024 and 16?
16
What is the greatest common factor of 5394 and 232?
58
Calculate the greatest common factor of 3515 and 475.
95
What is the highest common factor of 19116 and 162?
162
What is the highest common factor of 42 and 231?
21
What is the greatest common factor of 41 and 3?
1
What is the greatest common divisor of 2268 and 28?
28
Calculate the highest common divisor of 10 and 1150.
10
What is the highest common factor of 336 and 42?
42
What is the greatest common factor of 9 and 387?
9
Calculate the highest common divisor of 26 and 20.
2
What is the greatest common factor of 255 and 20?
5
Calculate the highest common divisor of 75 and 3475.
25
What is the highest common divisor of 2177 and 35?
7
What is the highest common factor of 1179 and 18?
9
What is the greatest common divisor of 210 and 3318?
42
What is the greatest common divisor of 12 and 186?
6
Calculate the greatest common factor of 8 and 52.
4
What is the highest common divisor of 129 and 43?
43
Calculate the highest common factor of 2 and 67.
1
What is the greatest common divisor of 423 and 36?
9
Calculate the greatest common divisor of 11265 and 15.
15
What is the greatest common divisor of 81 and 873?
9
What is the greatest common divisor of 18 and 198?
18
What is the highest common divisor of 40 and 310?
10
What is the greatest common factor of 28 and 9?
1
Calculate the highest common divisor of 3161 and 58.
29
What is the greatest common divisor of 60 and 9150?
30
Calculate the greatest common factor of 4393 and 23.
23
Calculate the highest common divisor of 60 and 2172.
12
Calculate the greatest common factor of 748 and 352.
44
What is the greatest common factor of 1508 and 2548?
52
What is the highest common divisor of 1606 and 11?
11
What is the greatest common divisor of 385 and 48895?
385
What is the greatest common factor of 4539 and 51?
51
What is the greatest common divisor of 15 and 320?
5
What is the greatest common factor of 25 and 965?
5
What is the highest common divisor of 108 and 216?
108
Calculate the highest common divisor of 126 and 12.
6
Calculate the highest common divisor of 36 and 2736.
36
What is the greatest common factor of 116 and 29?
29
Calculate the greatest common divisor of 122 and 3904.
122
Calculate the highest common divisor of 41930 and 10.
10
What is the highest common divisor of 1690 and 90?
10
What is the highest common factor of 45 and 5?
5
Calculate the highest common factor of 1323 and 35.
7
What is the highest common divisor of 777 and 63?
21
What is the highest common factor of 779 and 19?
19
What is the highest common factor of 99 and 207?
9
What is the greatest common factor of 13046 and 110?
22
What is the highest common divisor of 249 and 3?
3
Calculate the greatest common divisor of 195 and 260.
65
What is the highest common factor of 4 and 4332?
4
What is the highest common divisor of 9595 and 38?
19
What is the highest common factor of 104 and 40?
8
Calculate the greatest common factor of 5 and 835.
5
What is the highest common factor of 14 and 133?
7
Calculate the greatest common factor of 483 and 126.
21
What is the highest common factor of 70 and 105?
35
Calculate the highest common factor of 936 and 728.
104
Calculate the greatest common factor of 70 and 250.
10
What is the highest common divisor of 127 and 3?
1
What is the greatest common factor of 672 and 3444?
84
Calculate the highest common factor of 34 and 51.
17
Calculate the highest common factor of 58 and 3277.
29
What is the highest common factor of 682 and 186?
62
What is the highest common divisor of 13685 and 161?
161
What is the highest common factor of 45 and 2115?
45
Calculate the greatest common factor of 12 and 51.
3
Calculate the greatest common factor of 13 and 156.
13
Calculate the highest common factor of 965 and 110.
5
Calculate the greatest common factor of 285 and 4047.
57
What is the greatest common factor of 663 and 867?
51
What is the highest common divisor of 18 and 441?
9
Calculate the greatest common divisor of 20 and 65.
5
Calculate the greatest common factor of 16312 and 8.
8
Calculate the greatest common factor of 28 and 196.
28
What is the highest common divisor of 594 and 22?
22
What is the greatest common divisor of 2771 and 1141?
163
Calculate the greatest common divisor of 29 and 58.
29
What is the greatest common divisor of 30 and 120?
30
What is the highest common divisor of 29953 and 154?
77
What is the highest common factor of 368 and 3036?
92
Calculate the greatest common divisor of 324 and 243.
81
What is the highest common factor of 7035 and 201?
201
What is the greatest common divisor of 2086 and 14?
14
What is the highest common divisor of 22581 and 117?
117
Calculate the greatest common factor of 19775 and 175.
175
Calculate the greatest common factor of 20 and 92.
4
Calculate the greatest common factor of 770 and 3388.
154
Calculate the highest common factor of 8584 and 64.
8
Calculate the highest common factor of 10 and 215.
5
Calculate the greatest common divisor of 19402 and 218.
218
Calculate the highest common factor of 14846 and 13.
13
Calculate the greatest common factor of 35 and 240.
5
Calculate the greatest common divisor of 28532 and 56.
28
What is the greatest common divisor of 230 and 40?
10
What is the greatest common divisor of 188 and 15604?
188
Calculate the highest common divisor of 3728 and 208.
16
What is the highest common divisor of 325 and 26?
13
What is the highest common factor of 119 and 196?
7
Calculate the greatest common factor of 564 and 24.
12
What is the greatest common factor of 4 and 256?
4
Calculate the greatest common divisor of 20 and 20.
20
Calculate the highest common divisor of 26 and 21853.
13
What is the greatest common factor of 9096 and 24?
24
Calculate the greatest common divisor of 707 and 606.
101
What is the greatest common factor of 44 and 44?
44
Calculate the highest common factor of 69762 and 11.
11
What is the greatest common factor of 336 and 2208?
48
What is the greatest common factor of 182 and 42?
14
What is the greatest common divisor of 45 and 180?
45
What is the highest common divisor of 44 and 6?
2
Calculate the highest common divisor of 78 and 1222.
26
Calculate the greatest common divisor of 2375 and 171.
19
What is the greatest common 